{"id":48,"date":"2022-05-25T11:37:56","date_gmt":"2022-05-25T11:37:56","guid":{"rendered":"https:\/\/demo.sparklewpthemes.com\/constructionlight\/building-construction\/?page_id=48"},"modified":"2023-01-09T15:24:11","modified_gmt":"2023-01-09T15:24:11","slug":"benjamin-foster","status":"publish","type":"page","link":"https:\/\/oscarcuencaroca.com\/index.php\/benjamin-foster\/","title":{"rendered":"Oscar Cuenca Roca"},"content":{"rendered":"<p>El mundo est\u00e1 cada vez m\u00e1s conectado y digitalizado, por lo que es fundamental que las empresas inviertan en el desarrollo digital para no quedarse atr\u00e1s. La inversi\u00f3n en tecnolog\u00eda y en la formaci\u00f3n de los trabajadores en habilidades digitales puede ayudar a mejorar la productividad y eficiencia de la empresa. Adem\u00e1s, el desarrollo digital puede ayudar a las empresas a llegar a nuevos clientes y mercados a trav\u00e9s de internet. Tambi\u00e9n es importante destacar que el desarrollo digital no solo se refiere a la tecnolog\u00eda, sino tambi\u00e9n a la transformaci\u00f3n de los procesos de negocio y la cultura de la empresa para aprovechar al m\u00e1ximo las oportunidades que ofrece el mundo digital. En resumen, invertir en el desarrollo digital es esencial para cualquier empresa que quiera tener \u00e9xito en el mundo actual y futuro.<\/p>\n","protected":false},"excerpt":{"rendered":"<p>El mundo est\u00e1 cada vez m\u00e1s conectado y digitalizado, por lo que es fundamental que las empresas inviertan en el desarrollo digital para no quedarse atr\u00e1s. La inversi\u00f3n en tecnolog\u00eda y en la formaci\u00f3n de los trabajadores en habilidades digitales puede ayudar a mejorar la productividad y eficiencia de la&hellip;<\/p>\n","protected":false},"author":1,"featured_media":12,"parent":0,"menu_order":0,"comment_status":"closed","ping_status":"closed","template":"","meta":{"content-type":"","om_disable_all_campaigns":false,"_monsterinsights_skip_tracking":false,"_monsterinsights_sitenote_active":false,"_monsterinsights_sitenote_note":"","_monsterinsights_sitenote_category":0,"footnotes":""},"class_list":["post-48","page","type-page","status-publish","has-post-thumbnail","hentry"],"aioseo_notices":[],"_links":{"self":[{"href":"https:\/\/oscarcuencaroca.com\/index.php\/wp-json\/wp\/v2\/pages\/48","targetHints":{"allow":["GET"]}}],"collection":[{"href":"https:\/\/oscarcuencaroca.com\/index.php\/wp-json\/wp\/v2\/pages"}],"about":[{"href":"https:\/\/oscarcuencaroca.com\/index.php\/wp-json\/wp\/v2\/types\/page"}],"author":[{"embeddable":true,"href":"https:\/\/oscarcuencaroca.com\/index.php\/wp-json\/wp\/v2\/users\/1"}],"replies":[{"embeddable":true,"href":"https:\/\/oscarcuencaroca.com\/index.php\/wp-json\/wp\/v2\/comments?post=48"}],"version-history":[{"count":2,"href":"https:\/\/oscarcuencaroca.com\/index.php\/wp-json\/wp\/v2\/pages\/48\/revisions"}],"predecessor-version":[{"id":896,"href":"https:\/\/oscarcuencaroca.com\/index.php\/wp-json\/wp\/v2\/pages\/48\/revisions\/896"}],"wp:featuredmedia":[{"embeddable":true,"href":"https:\/\/oscarcuencaroca.com\/index.php\/wp-json\/wp\/v2\/media\/12"}],"wp:attachment":[{"href":"https:\/\/oscarcuencaroca.com\/index.php\/wp-json\/wp\/v2\/media?parent=48"}],"curies":[{"name":"wp","href":"https:\/\/api.w.org\/{rel}","templated":true}]}}